 base 4
-33213
Convert -58b (base 12) to base 9.
-1118
Convert -2111212 (base 3) to base 6.
-12252
Convert 1111011001 (base 2) to base 11.
816
Convert -10 (base 10) to base 3.
-101
Convert 1010404 (base 5) to base 10.
16354
Convert 12071 (base 10) to base 9.
17502
Convert 6c5 (base 13) to base 2.
10010010111
What is 1409 (base 13) in base 14?
109c
What is -100000101101111 (base 2) in base 6?
-205315
Convert 20815 (base 9) to base 2.
11010111011000
What is 2133022 (base 4) in base 16?
27ca
Convert 121312 (base 6) to base 7.
43124
What is -254224 (base 7) in base 8?
-134003
13258 (base 9) to base 14
33a3
Convert -1304334 (base 5) to base 2.
-110001111111010
What is 1561 (base 8) in base 11?
731
Convert 408a (base 13) to base 4.
2023012
12033 (base 10) to base 15
3873
Convert -148 (base 14) to base 12.
-198
Convert 288 (base 11) to base 9.
415
-16a8 (base 11) to base 8
-4177
What is -13826 (base 9) in base 6?
-111340
Convert -2a5 (base 11) to base 4.
-11211
Convert 1333 (base 8) to base 16.
2db
255 (base 10) to base 8
377
-160536 (base 7) to base 11
-21723
-15413 (base 7) to base 2
-1000011100010
What is -10012120 (base 3) in base 4?
-210201
Convert 11001010000 (base 2) to base 5.
22431
What is -1010011000010 (base 2) in base 11?
-3aa1
What is -11101010 (base 2) in base 12?
-176
-151544 (base 6) to base 7
-60541
Convert 3ac (base 13) to base 12.
461
-23184 (base 11) to base 9
-50838
Convert 8a0 (base 13) to base 6.
10510
11001 (base 2) to base 14
1b
Convert 1307 (base 8) to base 9.
870
What is -2621 (base 14) in base 13?
-307b
What is -37065 (base 8) in base 11?
-10a68
Convert 1969 (base 10) to base 14.
a09
Convert b9ae (base 16) to base 10.
47534
What is 213011 (base 5) in base 12?
4248
-11000100 (base 2) to base 3
-21021
What is -aaa (base 12) in base 14?
-802
What is 1a9 (base 12) in base 7?
540
-4061 (base 7) to base 13
-84b
3112 (base 4) to base 10
214
Convert 218 (base 9) to base 12.
12b
Convert 1570 (base 8) to base 3.
1012220
19ca (base 14) to base 13
2196
What is -11664 (base 12) in base 2?
-101101101101100
132333 (base 6) to base 15
3950
Convert -1b2 (base 12) to base 14.
-15c
Convert 11 (base 11) to base 8.
14
What is 13143 (base 5) in base 2?
10000011000
What is -11010011111110 (base 2) in base 9?
-20543
-7562 (base 8) to base 11
-2a75
What is 12304 (base 5) in base 3?
1022100
What is 3453 (base 12) in base 16?
16bf
10110100 (base 2) to base 7
345
Convert -10806 (base 13) to base 9.
-45033
-8ca8 (base 15) to base 4
-13102202
What is -121100 (base 5) in base 14?
-1913
3223 (base 6) to base 3
1000020
What is -380 (base 10) in base 3?
-112002
-2242 (base 7) to base 10
-814
What is -5943 (base 10) in base 14?
-2247
Convert 333330 (base 7) to base 4.
32113011
Convert 32202202 (base 4) to base 9.
100621
Convert -80e (base 16) to base 4.
-200032
1125 (base 9) to base 15
3a8
153a0 (base 11) to base 12
10721
Convert 1d7b (base 16) to base 4.
1311323
Convert 3432 (base 10) to base 4.
311220
What is -6761 (base 8) in base 12?
-2095
What is 101 (base 3) in base 15?
a
Convert -570 (base 10) to base 7.
-1443
What is -4227 (base 8) in base 11?
-171a
Convert -104022 (base 6) to base 4.
-2013032
Convert 31535 (base 6) to base 3.
12220112
Convert 268b (base 16) to base 3.
111112110
2056 (base 16) to base 9
12317
Convert -44b8 (base 12) to base 15.
-23d8
10010210 (base 4) to base 9
24778
102c (base 14) to base 8
5340
-2510 (base 7) to base 3
-1021202
Convert 431 (base 8) to base 4.
10121
Convert -136 (base 11) to base 15.
-aa
What is -5352 (base 6) in base 8?
-2304
Convert -3bb (base 12) to base 10.
-575
Convert 616 (base 7) to base 4.
10303
165a (base 12) to base 9
3577
Convert 1348 (base 10) to base 9.
1757
-215360 (base 8) to base 6
-1315200
What is 5dd (base 16) in base 6?
10541
What is -11213020 (base 4) in base 15?
-6c24
-10 (base 3) to base 5
-3
53631 (base 9) to base 16
8ab2
-1010111110101101 (base 2) to base 5
-2414343
-5264 (base 13) to base 12
-6725
What is 312 (base 7) in base 16?
9c
-376 (base 10) to base 5
-3001
What is -202111222 (base 3) in base 12?
-87a5
What is 2403 (base 6) in base 13?
357
What is 101111001 (base 2) in base 15?
1a2
What is 1477 (base 10) in base 13?
898
Convert -35c (base 14) to base 8.
-1236
Convert -3553 (base 13) to base 9.
-11257
Convert -111100 (base 2) to base 10.
-60
Convert -341234 (base 6) to base 8.
-70226
-4780 (base 9) to base 5
-103210
24533 (base 7) to base 16
192b
20210103 (base 4) to base 6
430243
What is 1000101010010100 (base 2) in base 16?
8a94
2130 (base 4) to base 16
9c
Convert 7784 (base 9) to base 8.
13162
What is 1010000011111 (base 2) in base 7?
21006
What is 144a4 (base 11) in base 2?
101000001010011
Convert -189d (base 15) to base 14.
-1d23
Convert -221122 (base 3) to base 6.
-3112
Convert -429 (base 15) to base 12.
-663
5010 (base 8) to base 3
10112010
Convert 5612 (base 7) to base 15.
8e8
Convert -4130 (base 6) to base 13.
-558
What is -1202131 (base 5) in base 9?
-33358
What is -571 (base 10) in base 15?
-281
Convert 79d8 (base 15) to base 11.
18473
What is -3043 (base 8) in base 10?
-1571
What is -32288 (base 9) in base 4?
-11032013
-10420 (base 5) to base 6
-3223
46226 (base 8) to base 7
111106
8c1 (base 13) to base 2
10111100101
Convert -2632 (base 7) to base 2.
-1111101011
What is 2024 (base 5) in base 12?
1a0
What is -100100210 (base 3) in base 9?
-10323
Convert -47387 (base 9) to base 6.
-402341
What is -2012010 (base 3) in base 14?
-820
2201120002 (base 3) to base 12
27048
523143 (base 6) to base 15
c773
Convert 12873 (base 10) to base 7.
52350
-2729 (base 14) to base 11
-5200
What is -41b3 (base 14) in base 15?
-3554
What is 22a (base 16) in base 10?
554
What is -67 (base 14) in base 6?
-231
-111111010 (base 2) to base 14
-282
Convert 223443 (base 5) to base 9.
11866
What is -233a (base 12) in base 6?
-30114
Convert -226 (base 14) to base 10.
-426
-126301 (base 7) to base 9
-35601
895 (base 10) to base 8
1577
68664 (base 9) to base 12
2257a
2c4 (base 14) to base 10
564
Convert -100001111 (base 2) to base 11.
-227
-11 (base 15) to base 13
-13
What is -1bb (base 15) in base 8?
-621
-10010010110 (base 2) to base 6
-5234
-54002 (base 7) to base 9
-20315
Convert -9a61 (base 14) to base 13.
-c230
What is 6679 (base 15) in base 5?
1143324
-41141 (base 9) to base 5
-1331331
What is -5a9 (base 13) in base 12?
-6a0
2210 (base 3) to base 5
300
Convert 332112 (base 4) to base 5.
111430
-27932 (base 13) to base 16
-1214f
What is -1300 (base 7) in base 10?
-490
What is -1010101100100 (base 2) in base 5?
-133401
Convert 3317 (base 14) to base 5.
240331
Convert 110001 (base 2) to base 3.
1211
11c (base 14) to base 6
1010
Convert 16810 (base 9) to base 12.
6860
Convert -5b21 (base 14) to base 16.
-3e21
Convert 100110111111 (base 2) to base 6.
15315
What is -2514 (base 6) in base 5?
-4442
12660 (base 7) to base 10
3423
Convert -4b53 (base 15) to base 10.
-16053
What is 2a3c (base 13) in base 3?
22102020
What is 9341 (base 11) in base 2?
11000001100011
What is -6236 (base 7) in base 12?
-131b
20101 (base 5) to base 8
2374
15151 (base 8) to base 10
6761
-356 (base 8) to base 5
-1423
What is -726 (base 16) in base 6?
-12250
111012020 (base 3) to base 9
14166
2142 (base 6) to base 2
111101110
What is -10010011111 (base 2) in base 5?
-14213
What is 283 (base 10) in base 9?
344
What is -2074 (base 9) in base 6?
-11021
What is 3817 (base 9) in base 14?
1079
Convert -275 (base 11) to base 10.
-324
320 (base 11) to base 6
1441
Convert -8 (base 15) to base 7.
-11
Convert -1015 (base 10) to base 4.
-33313
-11110111 (base 2) to base 5
-1442
-1598 (base 10) to base 12
-b12
-342022 (base 5) to base 7
-50246
What is -20452 (base 6) in base 5?
-42033
What is -7063 (base 10) in base 16?
-1b97
What is -2470 (base 10) in base 9?
-3344
76b (base 13) to base 2
10011111000
What is -648 (base 10) in base 5?
-10043
-96b1 (base 12) to base 14
-6061
What is -1103 (base 7) in base 3?
-112122
What is -10031130 (base 4) in base 10?
-17244
What is -556b (base 12) in base 10?
-9443
Convert 11222 (base 3) to base 16.
86
Convert -18b2 (base 14) to base 11.
-33a2
Convert 11419 (base 10) to base 15.
35b4
-100111001 (base 3) to base 7
-26104
b23 (base 12) to base 2
11001001011
3048 (base 9) to base 2
100010110111
11414 (base 8) 